{"id":1193,"date":"2020-09-04T13:28:15","date_gmt":"2020-09-04T13:28:15","guid":{"rendered":"https:\/\/thegym.com.ar\/tienda\/?post_type=product&#038;p=1193"},"modified":"2020-09-04T15:41:55","modified_gmt":"2020-09-04T15:41:55","slug":"hydro-bcaa","status":"publish","type":"product","link":"https:\/\/thegym.com.ar\/tienda\/producto\/hydro-bcaa\/","title":{"rendered":"HYDRO BCAA"},"content":{"rendered":"<h1>HYDRO BCAA \u00ae<\/h1>\n<p>No dejes que tu intenso entrenamiento te impida seguir al 100 % el resto del d\u00eda. Con PRO BCAA \u00ae, el primer complejo de amino\u00e1cidos de cadena ramificada potenciado con BETA ALANINA del pa\u00eds, lograr\u00e1s recuperarte y darle a tus m\u00fasculos los amino\u00e1cidos que m\u00e1s necesitan para su desarrollo y formaci\u00f3n. Superate y cambi\u00e1 tu cuerpo.<\/p>\n<p>&nbsp;<\/p>\n<p>\u2022 M\u00e1xima regeneraci\u00f3n muscular<br \/>\n\u2022 Previene la p\u00e9rdida de masa muscular<br \/>\n\u2022 Desfatigante<br \/>\n\u2022 Potenciado con Beta Alanina<br \/>\n\u2022 Dos deliciosos sabores: Fruit Punch y Blue Razz<\/p>\n","protected":false},"excerpt":{"rendered":"<p>HYDRO BCAA \u00ae No dejes que tu intenso entrenamiento te impida seguir al 100 % el resto del d\u00eda. Con PRO BCAA \u00ae, el primer complejo de amino\u00e1cidos de cadena ramificada potenciado con BETA ALANINA del pa\u00eds, lograr\u00e1s recuperarte y darle a tus m\u00fasculos los amino\u00e1cidos que m\u00e1s necesitan para su desarrollo y formaci\u00f3n. Superate &hellip;<\/p>\n<p class=\"read-more\"> <a class=\"\" href=\"https:\/\/thegym.com.ar\/tienda\/producto\/hydro-bcaa\/\"> <span class=\"screen-reader-text\">HYDRO BCAA<\/span> Leer m\u00e1s &raquo;<\/a><\/p>\n","protected":false},"featured_media":1194,"comment_status":"open","ping_status":"closed","template":"","meta":[],"_links":{"self":[{"href":"https:\/\/thegym.com.ar\/tienda\/wp-json\/wp\/v2\/product\/1193"}],"collection":[{"href":"https:\/\/thegym.com.ar\/tienda\/wp-json\/wp\/v2\/product"}],"about":[{"href":"https:\/\/thegym.com.ar\/tienda\/wp-json\/wp\/v2\/types\/product"}],"replies":[{"embeddable":true,"href":"https:\/\/thegym.com.ar\/tienda\/wp-json\/wp\/v2\/comments?post=1193"}],"wp:featuredmedia":[{"embeddable":true,"href":"https:\/\/thegym.com.ar\/tienda\/wp-json\/wp\/v2\/media\/1194"}],"wp:attachment":[{"href":"https:\/\/thegym.com.ar\/tienda\/wp-json\/wp\/v2\/media?parent=1193"}],"curies":[{"name":"wp","href":"https:\/\/api.w.org\/{rel}","templated":true}]}}